uppose 0 = m + 3*x - 9068, -5*m - 57*x = -60*x - 45340. What are the prime factors of m?
2, 2267
Let q = 31521 - 8292. Suppose 22*z - q = 1521. What are the prime factors of z?
3, 5
Let x(g) = -5*g + 4. Let p = -26 + 28. Let s be x(p). List the prime factors of (-9)/s - 543/(-6).
2, 23
Let w = 105 - 105. Let r(y) = y**2 + 2*y - 514. Let f be r(w). Let p = -332 - f. What are the prime factors of p?
2, 7, 13
Let s(i) be the first derivative of -4 - 2*i + 5*i**2 + 1/3*i**3. List the prime factors of s(6).
2, 47
Let p be 4/(-3) + 10675/21*1. Suppose p + 234 = 13*m. List the prime factors of m.
3, 19
Let y = -14764 - -24011. List the prime factors of y.
7, 1321
Suppose 4*n = 3*p - 15560 + 2048 - 8523, n = 0. What are the prime factors of p?
5, 13, 113
Suppose 0 = 31*u - 11*u - 4520. Suppose 596 = 6*r - u. What are the prime factors of r?
137
Suppose 0 = -5*n + 5*u + 60, 0 = -2*n + u + 25 - 6. Let r(o) = 67*o + 15. List the prime factors of r(n).
2, 11
Suppose -4*v = 3*q - 99164, -v + 49649 + 49491 = 3*q. What are the prime factors of q?
2, 11, 751
List the prime factors of 5/10 + (37182/4 - 2 - 2).
2, 23, 101
Let k = 7 + -3. Suppose k*v - 3539 = s, -3*v = 4*s - 797 - 1862. What are the prime factors of (4/6)/(((-70)/v)/(-7))?
59
Let b = 155978 + -100840. List the prime factors of b.
2, 19, 1451
Let h be (441/12)/((-15)/40). Let l = h + 205. What are the prime factors of l?
107
Let v(j) = -j**3 + 3*j + 1. Let a be v(-2). Let h(u) = u**2 - 27*u - 84. Let o be h(-8). Suppose o = a*r + 43. What are the prime factors of r?
3, 17
Suppose -g = 4*x - 8*x + 153, -5*x - 4*g + 186 = 0. List the prime factors of x/95 + (-3732)/(-20).
11, 17
Suppose 2*v = 12*p + 7142, 3*v + 2*p - 6530 = 4043. List the prime factors of v.
3529
Let n be (-11 - (-6 + -5))/(-4). Suppose -g = 5*z + 2*g - 190, -139 = -4*z - 5*g. Suppose p + 0 - z = n. What are the prime factors of p?
41
Let f(b) = 2*b**3 + 9*b**2 - 11 + 0*b**3 - 40*b - 3*b**3 + 34*b. Let d be f(7). Suppose 5*z + 2*g = 182, -2*z + 4*g + d = -23. List the prime factors of z.
2, 3
List the prime factors of -6*(-9)/(-729) - (-13237588)/378.
2, 5, 17, 103
Let d(y) = 2*y**3 - 5*y**2 - 10*y - 12. Suppose -2*m = 4*g + 15 - 37, 0 = 4*m + 12. What are the prime factors of d(g)?
359
Suppose 3*m + 1860 - 11142 = 0. Suppose -20*l + m = -6446. List the prime factors of l.
3, 53
Let q = -28 - -30. Suppose -5*p + 2*d + 134 = 0, -q*d + 160 = 5*p + 14. Let o = 254 - p. List the prime factors of o.
2, 113
Let d be (9 - 10)/(1/(-8)). Let p be (-3)/21 - d/((-224)/3420). Suppose p = -9*j + 10*j. What are the prime factors of j?
2, 61
Suppose 10*q - 194 - 26 = 0. Suppose -42*p + 9200 = -q*p. What are the prime factors of p?
2, 5, 23
Suppose 29*a + 19633 - 65136 = 486357. List the prime factors of a.
2, 5, 7, 131
Suppose 2*c + 10 = 0, 0 = -4*y + 7*c - 10*c - 7. List the prime factors of y/(4 + (-4266)/610 - -3).
5, 61
Let d be (-149 + 136)/(-2*2/(-16)). What are the prime factors of d/286 - (-10727)/11?
3, 5, 13
Suppose -12 = 4*m, 3*c - 8853 + 798 = -m. List the prime factors of c.
2, 17, 79
Suppose -v - 1755 - 1000 = -q, -3*q + 4*v = -8268. List the prime factors of q.
2, 43
Suppose 0*j = 2*d - 3*j + 3, 3 = -5*d + 3*j. Suppose 5*g - 1893 - 607 = d. List the prime factors of g.
2, 5
Let z(s) = -24*s + 17. Suppose 7*w - 28 - 49 = 0. Suppose r - 7 = -w. What are the prime factors of z(r)?
113
Suppose 0 = -3*m + 2*c + 153, -4*m + 6*c = 3*c - 205. Let q = 73 - m. Suppose 0 = 21*t - q*t + 258. List the prime factors of t.
2, 43
Let p(o) = o**3 + o**2 - 2*o + 5. Let y be p(0). Suppose 3*t - 3*n = 996 + 816, y*n - 2398 = -4*t. List the prime factors of t.
2, 7, 43
Suppose 11524 = 4*a - 2*b, 8*b - 4*b - 14444 = -5*a. List the prime factors of a.
2, 7, 103
Let a(b) = 90*b - 14. Let n be a(-4). Let l = n + 688. What are the prime factors of l?
2, 157
List the prime factors of 13/(156/(-2032))*22*(-195)/20.
2, 11, 13, 127
Let t(x) be the second derivative of 7*x**3/2 + 5*x**2/2 - x + 357. Suppose -5*i = -2*z - 24, 4*z + z - 6 = -4*i. List the prime factors of t(i).
89
Suppose 2*i + i = 2*v + 4, 5*i + v + 2 = 0. Suppose -w - y + 1379 - 252 = i, -4*y = w - 1124. List the prime factors of w.
2, 3, 47
Let a = -20710 - -39089. List the prime factors of a.
18379
Suppose -3*k + 7815 + 4379 = -454. What are the prime factors of k?
2, 17, 31
Let v(i) = -58*i**3 + 2*i - 110. What are the prime factors of v(-5)?
2, 5, 23, 31
Let f = -18 + 3. List the prime factors of ((-3275)/f + -4)/((-1)/(-3)).
643
Suppose 2*v + 28 = 5*a, -v - 24 = 2*a - 7*a. Let m(t) = 5*t + 11. Let y be m(a). Suppose -5*f + 41 = -2*u, 0*u - 2*u + y = 3*f. What are the prime factors of f?
3
Let q(m) = -7*m**2 - 34*m + 6. Let y be q(-5). Let c(u) = 199*u**2 - 5*u - 1. List the prime factors of c(y).
193
List the prime factors of (48636/(-70))/((-7)/420).
2, 3, 193
Suppose 356166 = 7702*c - 7696*c. List the prime factors of c.
3, 47, 421
Let d(x) = -1 - 323*x + 19*x**2 - 7 + 365*x. List the prime factors of d(5).
677
Suppose 0 = -39*c + 114*c - 536250. List the prime factors of c.
2, 5, 11, 13
Suppose -26*a + 44 = -30*a. What are the prime factors of (0 - 1)*(6/3 + a)?
3
Suppose -77*z - 9*z + 2140388 = -10*z. List the prime factors of z.
28163
Suppose -307 + 315 = 4*r. What are the prime factors of r/8 + 5198/8?
2, 5, 13
Suppose 4191 = -3*w + 23805. What are the prime factors of w?
2, 7, 467
Let g = 39674 - 14409. List the prime factors of g.
5, 31, 163
Let c be (32/12)/((-38)/57). Let d(g) = -19*g**3 + 7*g**2 + 9*g + 3. What are the prime factors of d(c)?
5, 7, 37
Let c(f) be the first derivative of -27*f**2/2 + 67*f + 139. List the prime factors of c(-13).
2, 11, 19
Let u = 8573 + -4922. What are the prime factors of u?
3, 1217
Let f be 2 + 16/4 + 10. Suppose -5*x = z - 33 - 249, -4*x = f. Suppose 8*w - 362 = z. What are the prime factors of w?
83
Let u = 184 + -52. Suppose -3*w = -u + 18. List the prime factors of w.
2, 19
Let n be (1636/10)/(-7 - (-296)/40). Let j = 735 - n. What are the prime factors of j?
2, 163
Let m be ((3 - 4)*-1)/(0 - 1). What are the prime factors of 953 + m - (11 + -15)?
2, 239
Suppose -8*k = 3*d - 4*k - 13903, 0 = 7*d + 4*k - 32467. What are the prime factors of d?
3, 7, 13, 17
Suppose 3*d + 55 = -4*w, -w - 2*d - 40 = 2*w. Let r(k) = k**2 + 9*k + 14. Let x be r(w). Suppose 0 = 2*c, c + x = -0*b + b. List the prime factors of b.
2, 3
Let t be -10 - (10/65 - 108/26). List the prime factors of 10*t/(-18)*288.
2, 3, 5
Let s(x) = x**3 - 20*x**2 + 7*x - 146. Let w be s(20). Let h be 3623 + 2*(1 + 0). What are the prime factors of (-1)/w + h/30?
11
Let x = 34772 + -15635. List the prime factors of x.
3, 6379
Let t be (132/30)/(1/80). Let c = t + -31. What are the prime factors of c?
3, 107
Suppose -4*z = 5*f - 20, 9*f - 13*f = 0. Suppose 5*d + 3270 = 5*h, 362 = z*h - d - 2892. List the prime factors of h.
2, 5, 13
Suppose 2 + 18 = 5*c. Suppose -2926 = -c*b + 14. What are the prime factors of b?
3, 5, 7
Let v(z) = z**2 - 6*z - 9. Let c be v(7). Let b(s) = -66*s - 14. Let n(h) = 13*h + 3. Let p(u) = -2*b(u) - 11*n(u). List the prime factors of p(c).
17
Let g = 42 + -40. Suppose -12 = 4*t, 2*m - 1507 = -0*t + 5*t. Suppose -g*a + 3*x - 174 = -468, 5*a = 2*x + m. List the prime factors of a.
2, 3, 5
Suppose 49 = 4*w - 3. Let p(h) = -h + w*h**2 + 152*h**2 + 13*h**2 + 2 - 1. List the prime factors of p(1).
2, 89
Let w = -224 - -329. Suppose -13*t + 1525 + 1269 = 9*t. Let z = t - w. List the prime factors of z.
2, 11
Let s(m) = -13*m - 26. Let b be s(2). Let q = 237 + b. What are the prime factors of q?
5, 37
Suppose 3*p - 5507 = 4*f, -12*p + 4*f = -10*p - 3670. List the prime factors of p.
11, 167
Let t be (0*4/12)/(-2). Suppose 2*l + 0*l = 6. Suppose -o + 3*d + 324 = l*o, -d = t. What are the prime factors of o?
3
Suppose 0 = -6*z + 240 - 24. Suppose -47*l = -z*l - 13255. List the prime factors of l.
5, 241
Suppose 16756*a - 16759*a + 218037 = 0. What are the prime factors of a?
72679
Suppose 23*y - 5*y = 13*y + 42185. List the prime factors of y.
11, 13, 59
Suppose -4*o + 22 = k, -6*o + 7*o = 2*k + 1. Let a be k - (1 + 2) - (0 + -1). Suppose -5*m + 130 = 5*s, a = -5*m - 3*s + 22 + 100. List the prime factors of m.
2, 11
Let w(u) = 8*u**2 + 4*u + 16. Let r(d) = -d - 10. Le